{"id":5,"date":"2018-04-25T10:56:29","date_gmt":"2018-04-25T10:56:29","guid":{"rendered":"http:\/\/www.tuzla.nu\/?page_id=5"},"modified":"2018-04-25T10:56:29","modified_gmt":"2018-04-25T10:56:29","slug":"om-sidan","status":"publish","type":"page","link":"http:\/\/www.tuzla.nu\/?page_id=5","title":{"rendered":"Om sidan"},"content":{"rendered":"<p>Hall\u00e5 p\u00e5 dig!<\/p>\n<p>Tack f\u00f6r att hittat hit och l\u00e4ser min blogg, jag hoppas att du bes\u00f6ker den varje dag, eller n\u00e4stan i alla fall! Webbplatsen kommer att handla om mina resor och personliga upplevelser n\u00e4r jag befunnit mig utanf\u00f6r landets gr\u00e4nser. Jag kommer att blanda lite olika \u00e4mnen s\u00e5 en renodlad resesajt skulle inte g\u00f6r den r\u00e4ttvisa. Om ni har \u00e5sikter eller vill tycka till s\u00e5 f\u00e5r n\u00e5 sj\u00e4lvklart kontakta mig. Min mailadress \u00e4r marietuzla@gmail.com.<\/p>\n<p>Kram p\u00e5 dig!<\/p>\n","protected":false},"excerpt":{"rendered":"<p>Hall\u00e5 p\u00e5 dig! Tack f\u00f6r att hittat hit och l\u00e4ser min blogg, jag hoppas att du bes\u00f6ker den varje dag, eller n\u00e4stan i alla fall! Webbplatsen kommer att handla om mina resor och personliga upplevelser n\u00e4r jag befunnit mig utanf\u00f6r landets gr\u00e4nser. Jag kommer att blanda lite olika \u00e4mnen s\u00e5 en renodlad resesajt skulle inte [&hellip;]<\/p>\n","protected":false},"author":1,"featured_media":0,"parent":0,"menu_order":0,"comment_status":"closed","ping_status":"closed","template":"","meta":{"footnotes":""},"_links":{"self":[{"href":"http:\/\/www.tuzla.nu\/index.php?rest_route=\/wp\/v2\/pages\/5"}],"collection":[{"href":"http:\/\/www.tuzla.nu\/index.php?rest_route=\/wp\/v2\/pages"}],"about":[{"href":"http:\/\/www.tuzla.nu\/index.php?rest_route=\/wp\/v2\/types\/page"}],"author":[{"embeddable":true,"href":"http:\/\/www.tuzla.nu\/index.php?rest_route=\/wp\/v2\/users\/1"}],"replies":[{"embeddable":true,"href":"http:\/\/www.tuzla.nu\/index.php?rest_route=%2Fwp%2Fv2%2Fcomments&post=5"}],"version-history":[{"count":1,"href":"http:\/\/www.tuzla.nu\/index.php?rest_route=\/wp\/v2\/pages\/5\/revisions"}],"predecessor-version":[{"id":6,"href":"http:\/\/www.tuzla.nu\/index.php?rest_route=\/wp\/v2\/pages\/5\/revisions\/6"}],"wp:attachment":[{"href":"http:\/\/www.tuzla.nu\/index.php?rest_route=%2Fwp%2Fv2%2Fmedia&parent=5"}],"curies":[{"name":"wp","href":"https:\/\/api.w.org\/{rel}","templated":true}]}}